{"id":2827,"date":"2019-09-09T11:29:10","date_gmt":"2019-09-09T14:29:10","guid":{"rendered":"http:\/\/littledino.wgl-demo.net\/checkout\/"},"modified":"2023-04-18T10:56:37","modified_gmt":"2023-04-18T13:56:37","slug":"seja-nosso-fornecedor","status":"publish","type":"page","link":"https:\/\/www.minasrey.com.br\/site\/seja-nosso-fornecedor\/","title":{"rendered":"Seja Nosso Fornecedor"},"content":{"rendered":"\t\t<div data-elementor-type=\"wp-page\" data-elementor-id=\"2827\" class=\"elementor elementor-2827\">\n\t\t\t\t\t\t<section class=\"elementor-section elementor-top-section elementor-element elementor-element-5f96128 elementor-section-boxed elementor-section-height-default elementor-section-height-default\" data-id=\"5f96128\" data-element_type=\"section\" data-e-type=\"section\">\n\t\t\t\t\t\t<div class=\"elementor-container elementor-column-gap-default\">\n\t\t\t\t\t<div class=\"elementor-column elementor-col-100 elementor-top-column elementor-element elementor-element-163b22f3\" data-id=\"163b22f3\" data-element_type=\"column\" data-e-type=\"column\">\n\t\t\t<div class=\"elementor-widget-wrap elementor-element-populated\">\n\t\t\t\t\t\t<div class=\"elementor-element elementor-element-104f5a04 dbl-1st-block elementor-widget elementor-widget-wgl-double-headings\" data-id=\"104f5a04\" data-element_type=\"widget\" data-e-type=\"widget\" data-widget_type=\"wgl-double-headings.default\">\n\t\t\t\t<div class=\"elementor-widget-container\">\n\t\t\t\t\t<div class=\"wgl-double_heading\"><h3 class=\"dbl-titles_wrapper\"><span class=\"dbl-title__wrap title-1__wrap\"><span class=\"dbl-title__1\">Seja Nosso Parceiro<\/span><\/span><\/h3>        <\/div>\t\t\t\t<\/div>\n\t\t\t\t<\/div>\n\t\t\t\t<div class=\"elementor-element elementor-element-93b64f1 elementor-widget elementor-widget-text-editor\" data-id=\"93b64f1\" data-element_type=\"widget\" data-e-type=\"widget\" data-widget_type=\"text-editor.default\">\n\t\t\t\t<div class=\"elementor-widget-container\">\n\t\t\t\t\t\t\t\t\t<p><span>Junte-se a n\u00f3s como fornecedor e fa\u00e7a parte da nossa rede de parceiros confi\u00e1veis, compartilhando conosco sua expertise e produtos de qualidade para oferecer a melhor experi\u00eancia aos nossos clientes.<\/span><\/p>\t\t\t\t\t\t\t\t<\/div>\n\t\t\t\t<\/div>\n\t\t\t\t\t<\/div>\n\t\t<\/div>\n\t\t\t\t\t<\/div>\n\t\t<\/section>\n\t\t\t\t<section class=\"elementor-section elementor-top-section elementor-element elementor-element-4c57b61d elementor-section-boxed elementor-section-height-default elementor-section-height-default\" data-id=\"4c57b61d\" data-element_type=\"section\" data-e-type=\"section\">\n\t\t\t\t\t\t<div class=\"elementor-container elementor-column-gap-extended\">\n\t\t\t\t\t<div class=\"elementor-column elementor-col-33 elementor-top-column elementor-element elementor-element-69488e51\" data-id=\"69488e51\" data-element_type=\"column\" data-e-type=\"column\">\n\t\t\t<div class=\"elementor-widget-wrap elementor-element-populated\">\n\t\t\t\t\t\t<div class=\"elementor-element elementor-element-790e0e11 ib-align-center wgl-hover_shift-yes elementor-widget-image-box wgl-image-box elementor-position-top elementor-widget elementor-widget-wgl-info-box\" data-id=\"790e0e11\" data-element_type=\"widget\" data-e-type=\"widget\" data-widget_type=\"wgl-info-box.default\">\n\t\t\t\t<div class=\"elementor-widget-container\">\n\t\t\t\t\t<div class=\"wgl-infobox\"><svg class=\"wgl-dashes inner-dashed-border animated-dashes\"><rect x=\"1px\" y=\"1px\" rx=\"30px\" ry=\"30px\" width=\"0\" height=\"0\"><\/rect><\/svg><div class=\"wgl-infobox_wrapper elementor-image-box-wrapper\"><div class=\"wgl-infobox-icon_wrapper elementor-image-box-img\"><div class=\"wgl-infobox-icon_container\"><div class=\"wgl-image-box_img\"><span ><img decoding=\"async\" width=\"42\" height=\"46\" src=\"https:\/\/www.minasrey.com.br\/site\/wp-content\/uploads\/2019\/08\/contacts_icon_01.png\" class=\"attachment-full size-full wp-image-1186\" alt=\"\" \/><\/span><\/div><\/div><\/div><div class=\"wgl-infobox-content_wrapper\"><div class=\"wgl-infobox-title_wrapper\"><h3 class=\"wgl-infobox_title\">Nosso Endere\u00e7o:<\/h3><\/div><div class=\"wgl-infobox_content\"><p><span>Rua Virg\u00edlio Gon\u00e7alves, n\u00ba 207<\/span><span> <br \/>Bairro Garcias - Ita\u00fana MG<\/span><\/p><\/div><\/div><\/div><\/div>\t\t\t\t<\/div>\n\t\t\t\t<\/div>\n\t\t\t\t\t<\/div>\n\t\t<\/div>\n\t\t\t\t<div class=\"elementor-column elementor-col-33 elementor-top-column elementor-element elementor-element-29713f20\" data-id=\"29713f20\" data-element_type=\"column\" data-e-type=\"column\">\n\t\t\t<div class=\"elementor-widget-wrap elementor-element-populated\">\n\t\t\t\t\t\t<div class=\"elementor-element elementor-element-7a542e23 ib-align-center wgl-hover_shift-yes elementor-widget-image-box wgl-image-box elementor-position-top elementor-widget elementor-widget-wgl-info-box\" data-id=\"7a542e23\" data-element_type=\"widget\" data-e-type=\"widget\" data-widget_type=\"wgl-info-box.default\">\n\t\t\t\t<div class=\"elementor-widget-container\">\n\t\t\t\t\t<div class=\"wgl-infobox\"><svg class=\"wgl-dashes inner-dashed-border animated-dashes\"><rect x=\"1px\" y=\"1px\" rx=\"30px\" ry=\"30px\" width=\"0\" height=\"0\"><\/rect><\/svg><div class=\"wgl-infobox_wrapper elementor-image-box-wrapper\"><div class=\"wgl-infobox-icon_wrapper elementor-image-box-img\"><div class=\"wgl-infobox-icon_container\"><div class=\"wgl-image-box_img\"><span ><img decoding=\"async\" width=\"59\" height=\"45\" src=\"https:\/\/www.minasrey.com.br\/site\/wp-content\/uploads\/2019\/08\/contacts_icon_02.png\" class=\"attachment-full size-full wp-image-1187\" alt=\"\" \/><\/span><\/div><\/div><\/div><div class=\"wgl-infobox-content_wrapper\"><div class=\"wgl-infobox-title_wrapper\"><h3 class=\"wgl-infobox_title\">Telefones<\/h3><\/div><div class=\"wgl-infobox_content\"><p><strong>Tel Fixo: <\/strong>+55 37 3249-4914<strong><br \/>Whatsapp:<\/strong> +55 37 98829-0399<\/p><\/div><\/div><\/div><\/div>\t\t\t\t<\/div>\n\t\t\t\t<\/div>\n\t\t\t\t\t<\/div>\n\t\t<\/div>\n\t\t\t\t<div class=\"elementor-column elementor-col-33 elementor-top-column elementor-element elementor-element-26050f7c\" data-id=\"26050f7c\" data-element_type=\"column\" data-e-type=\"column\">\n\t\t\t<div class=\"elementor-widget-wrap elementor-element-populated\">\n\t\t\t\t\t\t<div class=\"elementor-element elementor-element-274f96f4 ib-align-center wgl-hover_shift-yes elementor-widget-image-box wgl-image-box elementor-position-top elementor-widget elementor-widget-wgl-info-box\" data-id=\"274f96f4\" data-element_type=\"widget\" data-e-type=\"widget\" data-widget_type=\"wgl-info-box.default\">\n\t\t\t\t<div class=\"elementor-widget-container\">\n\t\t\t\t\t<div class=\"wgl-infobox\"><svg class=\"wgl-dashes inner-dashed-border animated-dashes\"><rect x=\"1px\" y=\"1px\" rx=\"30px\" ry=\"30px\" width=\"0\" height=\"0\"><\/rect><\/svg><div class=\"wgl-infobox_wrapper elementor-image-box-wrapper\"><div class=\"wgl-infobox-icon_wrapper elementor-image-box-img\"><div class=\"wgl-infobox-icon_container\"><div class=\"wgl-image-box_img\"><span ><img decoding=\"async\" width=\"77\" height=\"43\" src=\"https:\/\/www.minasrey.com.br\/site\/wp-content\/uploads\/2019\/08\/contacts_icon_03.png\" class=\"attachment-full size-full wp-image-1188\" alt=\"\" \/><\/span><\/div><\/div><\/div><div class=\"wgl-infobox-content_wrapper\"><div class=\"wgl-infobox-title_wrapper\"><h3 class=\"wgl-infobox_title\">E-mail Fornecedor<\/h3><\/div><div class=\"wgl-infobox_content\"><p>Converse com <strong>setor de compras<\/strong>:<br \/>compras@minasrey.com.br<\/p><\/div><\/div><\/div><\/div>\t\t\t\t<\/div>\n\t\t\t\t<\/div>\n\t\t\t\t\t<\/div>\n\t\t<\/div>\n\t\t\t\t\t<\/div>\n\t\t<\/section>\n\t\t\t\t<section class=\"elementor-section elementor-top-section elementor-element elementor-element-1c126e0 elementor-section-boxed elementor-section-height-default elementor-section-height-default\" data-id=\"1c126e0\" data-element_type=\"section\" data-e-type=\"section\">\n\t\t\t\t\t\t<div class=\"elementor-container elementor-column-gap-default\">\n\t\t\t\t\t<div class=\"elementor-column elementor-col-100 elementor-top-column elementor-element elementor-element-e24a225\" data-id=\"e24a225\" data-element_type=\"column\" data-e-type=\"column\">\n\t\t\t<div class=\"elementor-widget-wrap elementor-element-populated\">\n\t\t\t\t\t\t<div class=\"elementor-element elementor-element-41b1983 elementor-widget elementor-widget-spacer\" data-id=\"41b1983\" data-element_type=\"widget\" data-e-type=\"widget\" data-widget_type=\"spacer.default\">\n\t\t\t\t<div class=\"elementor-widget-container\">\n\t\t\t\t\t\t\t<div class=\"elementor-spacer\">\n\t\t\t<div class=\"elementor-spacer-inner\"><\/div>\n\t\t<\/div>\n\t\t\t\t\t\t<\/div>\n\t\t\t\t<\/div>\n\t\t\t\t\t<\/div>\n\t\t<\/div>\n\t\t\t\t\t<\/div>\n\t\t<\/section>\n\t\t\t\t<section class=\"elementor-section elementor-top-section elementor-element elementor-element-5008cc53 elementor-section-boxed elementor-section-height-default elementor-section-height-default\" data-id=\"5008cc53\" data-element_type=\"section\" data-e-type=\"section\">\n\t\t\t\t\t\t<div class=\"elementor-container elementor-column-gap-default\">\n\t\t\t\t\t<div class=\"elementor-column elementor-col-100 elementor-top-column elementor-element elementor-element-5e21e8c\" data-id=\"5e21e8c\" data-element_type=\"column\" data-e-type=\"column\" data-settings=\"{&quot;background_background&quot;:&quot;classic&quot;}\">\n\t\t\t<div class=\"elementor-widget-wrap elementor-element-populated\">\n\t\t\t\t\t\t<div class=\"elementor-element elementor-element-4e36983c elementor-widget elementor-widget-spacer\" data-id=\"4e36983c\" data-element_type=\"widget\" data-e-type=\"widget\" data-widget_type=\"spacer.default\">\n\t\t\t\t<div class=\"elementor-widget-container\">\n\t\t\t\t\t\t\t<div class=\"elementor-spacer\">\n\t\t\t<div class=\"elementor-spacer-inner\"><\/div>\n\t\t<\/div>\n\t\t\t\t\t\t<\/div>\n\t\t\t\t<\/div>\n\t\t\t\t<div class=\"elementor-element elementor-element-f971ece dbl-1st-block elementor-widget elementor-widget-wgl-double-headings\" data-id=\"f971ece\" data-element_type=\"widget\" data-e-type=\"widget\" data-widget_type=\"wgl-double-headings.default\">\n\t\t\t\t<div class=\"elementor-widget-container\">\n\t\t\t\t\t<div class=\"wgl-double_heading\"><h3 class=\"dbl-titles_wrapper\"><span class=\"dbl-title__wrap title-1__wrap\"><span class=\"dbl-title__1\">Preencha o Formul\u00e1rio <\/span><\/span><\/h3>        <\/div>\t\t\t\t<\/div>\n\t\t\t\t<\/div>\n\t\t\t\t<div class=\"elementor-element elementor-element-4cb693a4 elementor-widget elementor-widget-text-editor\" data-id=\"4cb693a4\" data-element_type=\"widget\" data-e-type=\"widget\" data-widget_type=\"text-editor.default\">\n\t\t\t\t<div class=\"elementor-widget-container\">\n\t\t\t\t\t\t\t\t\t<p><span>Junte-se a n\u00f3s como fornecedor e fa\u00e7a parte da nossa rede de parceiros confi\u00e1veis, compartilhando conosco sua expertise e produtos de qualidade para oferecer a melhor experi\u00eancia aos nossos clientes.<\/span><\/p>\t\t\t\t\t\t\t\t<\/div>\n\t\t\t\t<\/div>\n\t\t\t\t<div class=\"elementor-element elementor-element-3d08d926 elementor-widget elementor-widget-text-editor\" data-id=\"3d08d926\" data-element_type=\"widget\" data-e-type=\"widget\" data-widget_type=\"text-editor.default\">\n\t\t\t\t<div class=\"elementor-widget-container\">\n\t\t\t\t\t\t\t\t\t\n<div class=\"wpcf7 no-js\" id=\"wpcf7-f4315-o1\" lang=\"en-US\" dir=\"ltr\" data-wpcf7-id=\"4315\">\n<div class=\"screen-reader-response\"><p role=\"status\" aria-live=\"polite\" aria-atomic=\"true\"><\/p> <ul><\/ul><\/div>\n<form action=\"\/site\/wp-json\/wp\/v2\/pages\/2827#wpcf7-f4315-o1\" method=\"post\" class=\"wpcf7-form init\" aria-label=\"Contact form\" novalidate=\"novalidate\" data-status=\"init\">\n<fieldset class=\"hidden-fields-container\"><input type=\"hidden\" name=\"_wpcf7\" value=\"4315\" \/><input type=\"hidden\" name=\"_wpcf7_version\" value=\"6.1.5\" \/><input type=\"hidden\" name=\"_wpcf7_locale\" value=\"en_US\" \/><input type=\"hidden\" name=\"_wpcf7_unit_tag\" value=\"wpcf7-f4315-o1\" \/><input type=\"hidden\" name=\"_wpcf7_container_post\" value=\"0\" \/><input type=\"hidden\" name=\"_wpcf7_posted_data_hash\" value=\"\" \/><input type=\"hidden\" name=\"_wpcf7_recaptcha_response\" value=\"\" \/>\n<\/fieldset>\n<div class='row'>\n<div class='wgl_col-6'>\n<span class=\"wpcf7-form-control-wrap\" data-name=\"text-759\"><input size=\"40\" maxlength=\"400\" class=\"wpcf7-form-control wpcf7-text wpcf7-validates-as-required\" aria-required=\"true\" aria-invalid=\"false\" placeholder=\"Nome Completo *\" value=\"\" type=\"text\" name=\"text-759\" \/><\/span>\n<\/div>\n\n<div class='wgl_col-6'>\n<span class=\"wpcf7-form-control-wrap\" data-name=\"empresa\"><input size=\"40\" maxlength=\"400\" class=\"wpcf7-form-control wpcf7-text\" aria-invalid=\"false\" placeholder=\"Empresa ou Loja\" value=\"\" type=\"text\" name=\"empresa\" \/><\/span>\n<\/div>\n\n<div class='wgl_col-6'>\n<span class=\"wpcf7-form-control-wrap\" data-name=\"telefone\"><input size=\"40\" maxlength=\"400\" class=\"wpcf7-form-control wpcf7-tel wpcf7-validates-as-required wpcf7-text wpcf7-validates-as-tel\" aria-required=\"true\" aria-invalid=\"false\" placeholder=\"Telefone *\" value=\"\" type=\"tel\" name=\"telefone\" \/><\/span>\n<\/div>\n<div class='wgl_col-6'>\n<span class=\"wpcf7-form-control-wrap\" data-name=\"email\"><input size=\"40\" maxlength=\"400\" class=\"wpcf7-form-control wpcf7-email wpcf7-validates-as-required wpcf7-text wpcf7-validates-as-email\" aria-required=\"true\" aria-invalid=\"false\" placeholder=\"E-mail *\" value=\"\" type=\"email\" name=\"email\" \/><\/span>\n<\/div>\n\n<div class='wgl_col-12'>\n<span class=\"wpcf7-form-control-wrap\" data-name=\"endereco\"><input size=\"40\" maxlength=\"400\" class=\"wpcf7-form-control wpcf7-text wpcf7-validates-as-required\" aria-required=\"true\" aria-invalid=\"false\" placeholder=\"Endere\u00e7o *\" value=\"\" type=\"text\" name=\"endereco\" \/><\/span>\n<\/div>\n\n<div class='wgl_col-6'>\n<span class=\"wpcf7-form-control-wrap\" data-name=\"cidade\"><input size=\"40\" maxlength=\"400\" class=\"wpcf7-form-control wpcf7-text wpcf7-validates-as-required\" aria-required=\"true\" aria-invalid=\"false\" placeholder=\"Cidade *\" value=\"\" type=\"text\" name=\"cidade\" \/><\/span>\n<\/div>\n<div class='wgl_col-6'>\n<span class=\"wpcf7-form-control-wrap\" data-name=\"estado\"><input size=\"40\" maxlength=\"400\" class=\"wpcf7-form-control wpcf7-text wpcf7-validates-as-required\" aria-required=\"true\" aria-invalid=\"false\" placeholder=\"Estado *\" value=\"\" type=\"text\" name=\"estado\" \/><\/span>\n<\/div>\n\n<div class='wgl_col-12'>\n<span class=\"wpcf7-form-control-wrap\" data-name=\"textarea-876\"><textarea cols=\"40\" rows=\"10\" maxlength=\"2000\" class=\"wpcf7-form-control wpcf7-textarea\" aria-invalid=\"false\" placeholder=\"Mensagem...\" name=\"textarea-876\"><\/textarea><\/span>\n<\/div>\n<\/div>\n<input class=\"wpcf7-form-control wpcf7-submit has-spinner\" type=\"submit\" value=\"Enviar Mensagem\" \/><div class=\"wpcf7-response-output\" aria-hidden=\"true\"><\/div>\n<\/form>\n<\/div>\n\t\t\t\t\t\t\t\t<\/div>\n\t\t\t\t<\/div>\n\t\t\t\t<div class=\"elementor-element elementor-element-98484d3 elementor-widget elementor-widget-spacer\" data-id=\"98484d3\" data-element_type=\"widget\" data-e-type=\"widget\" data-widget_type=\"spacer.default\">\n\t\t\t\t<div class=\"elementor-widget-container\">\n\t\t\t\t\t\t\t<div class=\"elementor-spacer\">\n\t\t\t<div class=\"elementor-spacer-inner\"><\/div>\n\t\t<\/div>\n\t\t\t\t\t\t<\/div>\n\t\t\t\t<\/div>\n\t\t\t\t\t<\/div>\n\t\t<\/div>\n\t\t\t\t\t<\/div>\n\t\t<\/section>\n\t\t\t\t<section class=\"elementor-section elementor-top-section elementor-element elementor-element-c7f7047 elementor-section-boxed elementor-section-height-default elementor-section-height-default\" data-id=\"c7f7047\" data-element_type=\"section\" data-e-type=\"section\">\n\t\t\t\t\t\t<div class=\"elementor-container elementor-column-gap-default\">\n\t\t\t\t\t<div class=\"elementor-column elementor-col-100 elementor-top-column elementor-element elementor-element-a9e65fd\" data-id=\"a9e65fd\" data-element_type=\"column\" data-e-type=\"column\">\n\t\t\t<div class=\"elementor-widget-wrap elementor-element-populated\">\n\t\t\t\t\t\t<div class=\"elementor-element elementor-element-5389147 elementor-widget elementor-widget-spacer\" data-id=\"5389147\" data-element_type=\"widget\" data-e-type=\"widget\" data-widget_type=\"spacer.default\">\n\t\t\t\t<div class=\"elementor-widget-container\">\n\t\t\t\t\t\t\t<div class=\"elementor-spacer\">\n\t\t\t<div class=\"elementor-spacer-inner\"><\/div>\n\t\t<\/div>\n\t\t\t\t\t\t<\/div>\n\t\t\t\t<\/div>\n\t\t\t\t\t<\/div>\n\t\t<\/div>\n\t\t\t\t\t<\/div>\n\t\t<\/section>\n\t\t\t\t<\/div>\n\t\t","protected":false},"excerpt":{"rendered":"<p>Seja Nosso Parceiro Junte-se a n\u00f3s como fornecedor e fa\u00e7a parte da nossa rede de parceiros confi\u00e1veis, compartilhando conosco sua expertise e produtos de qualidade para oferecer a melhor experi\u00eancia aos nossos clientes. Nosso Endere\u00e7o: Rua Virg\u00edlio Gon\u00e7alves, n\u00ba 207 Bairro Garcias &#8211; Ita\u00fana MG Telefones Tel Fixo: +55 37 3249-4914Whatsapp: +55 37 98829-0399 E-mail [&hellip;]<\/p>\n","protected":false},"author":1,"featured_media":0,"parent":0,"menu_order":0,"comment_status":"closed","ping_status":"closed","template":"","meta":{"_monsterinsights_skip_tracking":false,"_monsterinsights_sitenote_active":false,"_monsterinsights_sitenote_note":"","_monsterinsights_sitenote_category":0,"_uf_show_specific_survey":0,"_uf_disable_surveys":false,"_joinchat":[],"footnotes":""},"class_list":["post-2827","page","type-page","status-publish","hentry"],"yoast_head":"<!-- This site is optimized with the Yoast SEO plugin v26.8 - https:\/\/yoast.com\/product\/yoast-seo-wordpress\/ -->\n<title>Seja Nosso Fornecedor - Minasrey<\/title>\n<meta name=\"robots\" content=\"index, follow, max-snippet:-1, max-image-preview:large, max-video-preview:-1\" \/>\n<link rel=\"canonical\" href=\"https:\/\/www.minasrey.com.br\/site\/seja-nosso-fornecedor\/\" \/>\n<meta property=\"og:locale\" content=\"pt_BR\" \/>\n<meta property=\"og:type\" content=\"article\" \/>\n<meta property=\"og:title\" content=\"Seja Nosso Fornecedor - Minasrey\" \/>\n<meta property=\"og:description\" content=\"Seja Nosso Parceiro Junte-se a n\u00f3s como fornecedor e fa\u00e7a parte da nossa rede de parceiros confi\u00e1veis, compartilhando conosco sua expertise e produtos de qualidade para oferecer a melhor experi\u00eancia aos nossos clientes. Nosso Endere\u00e7o: Rua Virg\u00edlio Gon\u00e7alves, n\u00ba 207 Bairro Garcias &#8211; Ita\u00fana MG Telefones Tel Fixo: +55 37 3249-4914Whatsapp: +55 37 98829-0399 E-mail [&hellip;]\" \/>\n<meta property=\"og:url\" content=\"https:\/\/www.minasrey.com.br\/site\/seja-nosso-fornecedor\/\" \/>\n<meta property=\"og:site_name\" content=\"Minasrey\" \/>\n<meta property=\"article:publisher\" content=\"https:\/\/www.facebook.com\/tecelagemminasrey\" \/>\n<meta property=\"article:modified_time\" content=\"2023-04-18T13:56:37+00:00\" \/>\n<meta property=\"og:image\" content=\"https:\/\/www.minasrey.com.br\/site\/wp-content\/uploads\/2019\/08\/contacts_icon_01.png\" \/>\n<meta name=\"twitter:card\" content=\"summary_large_image\" \/>\n<meta name=\"twitter:label1\" content=\"Est. tempo de leitura\" \/>\n\t<meta name=\"twitter:data1\" content=\"2 minutos\" \/>\n<script type=\"application\/ld+json\" class=\"yoast-schema-graph\">{\"@context\":\"https:\/\/schema.org\",\"@graph\":[{\"@type\":\"WebPage\",\"@id\":\"https:\/\/www.minasrey.com.br\/site\/seja-nosso-fornecedor\/\",\"url\":\"https:\/\/www.minasrey.com.br\/site\/seja-nosso-fornecedor\/\",\"name\":\"Seja Nosso Fornecedor - Minasrey\",\"isPartOf\":{\"@id\":\"https:\/\/www.minasrey.com.br\/site\/#website\"},\"primaryImageOfPage\":{\"@id\":\"https:\/\/www.minasrey.com.br\/site\/seja-nosso-fornecedor\/#primaryimage\"},\"image\":{\"@id\":\"https:\/\/www.minasrey.com.br\/site\/seja-nosso-fornecedor\/#primaryimage\"},\"thumbnailUrl\":\"https:\/\/www.minasrey.com.br\/site\/wp-content\/uploads\/2019\/08\/contacts_icon_01.png\",\"datePublished\":\"2019-09-09T14:29:10+00:00\",\"dateModified\":\"2023-04-18T13:56:37+00:00\",\"breadcrumb\":{\"@id\":\"https:\/\/www.minasrey.com.br\/site\/seja-nosso-fornecedor\/#breadcrumb\"},\"inLanguage\":\"pt-BR\",\"potentialAction\":[{\"@type\":\"ReadAction\",\"target\":[\"https:\/\/www.minasrey.com.br\/site\/seja-nosso-fornecedor\/\"]}]},{\"@type\":\"ImageObject\",\"inLanguage\":\"pt-BR\",\"@id\":\"https:\/\/www.minasrey.com.br\/site\/seja-nosso-fornecedor\/#primaryimage\",\"url\":\"https:\/\/www.minasrey.com.br\/site\/wp-content\/uploads\/2019\/08\/contacts_icon_01.png\",\"contentUrl\":\"https:\/\/www.minasrey.com.br\/site\/wp-content\/uploads\/2019\/08\/contacts_icon_01.png\",\"width\":42,\"height\":46},{\"@type\":\"BreadcrumbList\",\"@id\":\"https:\/\/www.minasrey.com.br\/site\/seja-nosso-fornecedor\/#breadcrumb\",\"itemListElement\":[{\"@type\":\"ListItem\",\"position\":1,\"name\":\"In\u00edcio\",\"item\":\"https:\/\/www.minasrey.com.br\/site\/\"},{\"@type\":\"ListItem\",\"position\":2,\"name\":\"Seja Nosso Fornecedor\"}]},{\"@type\":\"WebSite\",\"@id\":\"https:\/\/www.minasrey.com.br\/site\/#website\",\"url\":\"https:\/\/www.minasrey.com.br\/site\/\",\"name\":\"Minasrey\",\"description\":\"Amor em cada detalhe!\",\"publisher\":{\"@id\":\"https:\/\/www.minasrey.com.br\/site\/#organization\"},\"potentialAction\":[{\"@type\":\"SearchAction\",\"target\":{\"@type\":\"EntryPoint\",\"urlTemplate\":\"https:\/\/www.minasrey.com.br\/site\/?s={search_term_string}\"},\"query-input\":{\"@type\":\"PropertyValueSpecification\",\"valueRequired\":true,\"valueName\":\"search_term_string\"}}],\"inLanguage\":\"pt-BR\"},{\"@type\":\"Organization\",\"@id\":\"https:\/\/www.minasrey.com.br\/site\/#organization\",\"name\":\"Minasrey\",\"url\":\"https:\/\/www.minasrey.com.br\/site\/\",\"logo\":{\"@type\":\"ImageObject\",\"inLanguage\":\"pt-BR\",\"@id\":\"https:\/\/www.minasrey.com.br\/site\/#\/schema\/logo\/image\/\",\"url\":\"https:\/\/www.minasrey.com.br\/site\/wp-content\/uploads\/2023\/04\/logo-minasrey-amor-em-cada-detalhe.png\",\"contentUrl\":\"https:\/\/www.minasrey.com.br\/site\/wp-content\/uploads\/2023\/04\/logo-minasrey-amor-em-cada-detalhe.png\",\"width\":748,\"height\":133,\"caption\":\"Minasrey\"},\"image\":{\"@id\":\"https:\/\/www.minasrey.com.br\/site\/#\/schema\/logo\/image\/\"},\"sameAs\":[\"https:\/\/www.facebook.com\/tecelagemminasrey\",\"https:\/\/www.instagram.com\/minasrey\/\"]}]}<\/script>\n<!-- \/ Yoast SEO plugin. -->","yoast_head_json":{"title":"Seja Nosso Fornecedor - Minasrey","robots":{"index":"index","follow":"follow","max-snippet":"max-snippet:-1","max-image-preview":"max-image-preview:large","max-video-preview":"max-video-preview:-1"},"canonical":"https:\/\/www.minasrey.com.br\/site\/seja-nosso-fornecedor\/","og_locale":"pt_BR","og_type":"article","og_title":"Seja Nosso Fornecedor - Minasrey","og_description":"Seja Nosso Parceiro Junte-se a n\u00f3s como fornecedor e fa\u00e7a parte da nossa rede de parceiros confi\u00e1veis, compartilhando conosco sua expertise e produtos de qualidade para oferecer a melhor experi\u00eancia aos nossos clientes. Nosso Endere\u00e7o: Rua Virg\u00edlio Gon\u00e7alves, n\u00ba 207 Bairro Garcias &#8211; Ita\u00fana MG Telefones Tel Fixo: +55 37 3249-4914Whatsapp: +55 37 98829-0399 E-mail [&hellip;]","og_url":"https:\/\/www.minasrey.com.br\/site\/seja-nosso-fornecedor\/","og_site_name":"Minasrey","article_publisher":"https:\/\/www.facebook.com\/tecelagemminasrey","article_modified_time":"2023-04-18T13:56:37+00:00","og_image":[{"url":"https:\/\/www.minasrey.com.br\/site\/wp-content\/uploads\/2019\/08\/contacts_icon_01.png","type":"","width":"","height":""}],"twitter_card":"summary_large_image","twitter_misc":{"Est. tempo de leitura":"2 minutos"},"schema":{"@context":"https:\/\/schema.org","@graph":[{"@type":"WebPage","@id":"https:\/\/www.minasrey.com.br\/site\/seja-nosso-fornecedor\/","url":"https:\/\/www.minasrey.com.br\/site\/seja-nosso-fornecedor\/","name":"Seja Nosso Fornecedor - Minasrey","isPartOf":{"@id":"https:\/\/www.minasrey.com.br\/site\/#website"},"primaryImageOfPage":{"@id":"https:\/\/www.minasrey.com.br\/site\/seja-nosso-fornecedor\/#primaryimage"},"image":{"@id":"https:\/\/www.minasrey.com.br\/site\/seja-nosso-fornecedor\/#primaryimage"},"thumbnailUrl":"https:\/\/www.minasrey.com.br\/site\/wp-content\/uploads\/2019\/08\/contacts_icon_01.png","datePublished":"2019-09-09T14:29:10+00:00","dateModified":"2023-04-18T13:56:37+00:00","breadcrumb":{"@id":"https:\/\/www.minasrey.com.br\/site\/seja-nosso-fornecedor\/#breadcrumb"},"inLanguage":"pt-BR","potentialAction":[{"@type":"ReadAction","target":["https:\/\/www.minasrey.com.br\/site\/seja-nosso-fornecedor\/"]}]},{"@type":"ImageObject","inLanguage":"pt-BR","@id":"https:\/\/www.minasrey.com.br\/site\/seja-nosso-fornecedor\/#primaryimage","url":"https:\/\/www.minasrey.com.br\/site\/wp-content\/uploads\/2019\/08\/contacts_icon_01.png","contentUrl":"https:\/\/www.minasrey.com.br\/site\/wp-content\/uploads\/2019\/08\/contacts_icon_01.png","width":42,"height":46},{"@type":"BreadcrumbList","@id":"https:\/\/www.minasrey.com.br\/site\/seja-nosso-fornecedor\/#breadcrumb","itemListElement":[{"@type":"ListItem","position":1,"name":"In\u00edcio","item":"https:\/\/www.minasrey.com.br\/site\/"},{"@type":"ListItem","position":2,"name":"Seja Nosso Fornecedor"}]},{"@type":"WebSite","@id":"https:\/\/www.minasrey.com.br\/site\/#website","url":"https:\/\/www.minasrey.com.br\/site\/","name":"Minasrey","description":"Amor em cada detalhe!","publisher":{"@id":"https:\/\/www.minasrey.com.br\/site\/#organization"},"potentialAction":[{"@type":"SearchAction","target":{"@type":"EntryPoint","urlTemplate":"https:\/\/www.minasrey.com.br\/site\/?s={search_term_string}"},"query-input":{"@type":"PropertyValueSpecification","valueRequired":true,"valueName":"search_term_string"}}],"inLanguage":"pt-BR"},{"@type":"Organization","@id":"https:\/\/www.minasrey.com.br\/site\/#organization","name":"Minasrey","url":"https:\/\/www.minasrey.com.br\/site\/","logo":{"@type":"ImageObject","inLanguage":"pt-BR","@id":"https:\/\/www.minasrey.com.br\/site\/#\/schema\/logo\/image\/","url":"https:\/\/www.minasrey.com.br\/site\/wp-content\/uploads\/2023\/04\/logo-minasrey-amor-em-cada-detalhe.png","contentUrl":"https:\/\/www.minasrey.com.br\/site\/wp-content\/uploads\/2023\/04\/logo-minasrey-amor-em-cada-detalhe.png","width":748,"height":133,"caption":"Minasrey"},"image":{"@id":"https:\/\/www.minasrey.com.br\/site\/#\/schema\/logo\/image\/"},"sameAs":["https:\/\/www.facebook.com\/tecelagemminasrey","https:\/\/www.instagram.com\/minasrey\/"]}]}},"_links":{"self":[{"href":"https:\/\/www.minasrey.com.br\/site\/wp-json\/wp\/v2\/pages\/2827","targetHints":{"allow":["GET"]}}],"collection":[{"href":"https:\/\/www.minasrey.com.br\/site\/wp-json\/wp\/v2\/pages"}],"about":[{"href":"https:\/\/www.minasrey.com.br\/site\/wp-json\/wp\/v2\/types\/page"}],"author":[{"embeddable":true,"href":"https:\/\/www.minasrey.com.br\/site\/wp-json\/wp\/v2\/users\/1"}],"replies":[{"embeddable":true,"href":"https:\/\/www.minasrey.com.br\/site\/wp-json\/wp\/v2\/comments?post=2827"}],"version-history":[{"count":25,"href":"https:\/\/www.minasrey.com.br\/site\/wp-json\/wp\/v2\/pages\/2827\/revisions"}],"predecessor-version":[{"id":5019,"href":"https:\/\/www.minasrey.com.br\/site\/wp-json\/wp\/v2\/pages\/2827\/revisions\/5019"}],"wp:attachment":[{"href":"https:\/\/www.minasrey.com.br\/site\/wp-json\/wp\/v2\/media?parent=2827"}],"curies":[{"name":"wp","href":"https:\/\/api.w.org\/{rel}","templated":true}]}}